10) in base 3?
-1000
Convert 5 (base 16) to base 10.
5
Convert 7 (base 8) to base 2.
111
What is 6 (base 16) in base 11?
6
Convert 6 (base 12) to base 8.
6
What is 7 (base 9) in base 13?
7
What is 20102 (base 3) in base 2?
10101101
Convert 2 (base 6) to base 3.
2
Convert 156 (base 11) to base 9.
222
What is -1 (base 13) in base 7?
-1
Convert 224 (base 5) to base 6.
144
16 (base 16) to base 7
31
Convert -1 (base 14) to base 15.
-1
111 (base 3) to base 6
21
67 (base 10) to base 11
61
-31 (base 10) to base 4
-133
5 (base 7) to base 6
5
Convert 24 (base 6) to base 10.
16
Convert 22 (base 14) to base 9.
33
What is 174 (base 10) in base 14?
c6
1002 (base 5) to base 15
87
Convert -21 (base 10) to base 11.
-1a
What is -5 (base 9) in base 8?
-5
What is -37 (base 8) in base 13?
-25
100011 (base 2) to base 10
35
What is -253 (base 6) in base 10?
-105
Convert 5 (base 9) to base 10.
5
-240 (base 6) to base 13
-75
Convert 9 (base 14) to base 16.
9
What is -b (base 14) in base 7?
-14
-3 (base 6) to base 15
-3
Convert 3 (base 12) to base 4.
3
Convert 38 (base 15) to base 10.
53
What is -75 (base 9) in base 2?
-1000100
Convert 2 (base 13) to base 4.
2
What is 0 (base 2) in base 11?
0
Convert 7 (base 16) to base 11.
7
Convert -100 (base 7) to base 15.
-34
21 (base 14) to base 11
27
Convert -65 (base 7) to base 2.
-101111
b (base 15) to base 2
1011
What is 4 (base 7) in base 14?
4
What is -10000100 (base 2) in base 5?
-1012
Convert 1 (base 6) to base 15.
1
-211 (base 5) to base 9
-62
-22 (base 4) to base 6
-14
16 (base 9) to base 12
13
-300 (base 5) to base 11
-69
What is -2 (base 11) in base 5?
-2
Convert 1 (base 4) to base 2.
1
40 (base 9) to base 11
33
What is -6 (base 12) in base 8?
-6
Convert 115 (base 6) to base 3.
1202
-100 (base 4) to base 13
-13
What is -12 (base 4) in base 16?
-6
What is -12 (base 7) in base 10?
-9
What is -11c (base 16) in base 8?
-434
Convert -2 (base 6) to base 13.
-2
-118 (base 9) to base 15
-68
2f (base 16) to base 8
57
-3 (base 5) to base 16
-3
What is 8b (base 12) in base 5?
412
What is -28 (base 16) in base 6?
-104
What is -1c (base 15) in base 10?
-27
What is -4 (base 6) in base 3?
-11
-1 (base 12) to base 8
-1
What is -19 (base 13) in base 15?
-17
a (base 11) to base 8
12
What is 100 (base 4) in base 5?
31
What is -c (base 14) in base 6?
-20
What is 4b (base 15) in base 16?
47
What is 3 (base 8) in base 7?
3
What is -4 (base 10) in base 7?
-4
Convert 7 (base 16) to base 8.
7
What is 194 (base 13) in base 8?
442
-3e (base 16) to base 15
-42
210 (base 4) to base 12
30
What is 55 (base 6) in base 9?
38
What is 6 (base 10) in base 12?
6
Convert 19 (base 14) to base 15.
18
Convert -117 (base 11) to base 16.
-8b
-21 (base 10) to base 11
-1a
Convert 20 (base 10) to base 16.
14
What is 26 (base 8) in base 11?
20
Convert -2 (base 9) to base 16.
-2
What is -2 (base 5) in base 11?
-2
What is 74 (base 8) in base 3?
2020
4 (base 14) to base 9
4
57 (base 9) to base 14
3a
13 (base 13) to base 16
10
Convert -3 (base 10) to base 14.
-3
-37 (base 11) to base 10
-40
What is 1122 (base 4) in base 3?
10100
100021 (base 3) to base 5
2000
What is 6 (base 13) in base 2?
110
Convert -2 (base 7) to base 3.
-2
11 (base 6) to base 5
12
9 (base 14) to base 5
14
What is -152 (base 8) in base 16?
-6a
Convert -111100 (base 2) to base 11.
-55
What is -232 (base 4) in base 13?
-37
5 (base 12) to base 2
101
-305 (base 6) to base 12
-95
What is -2 (base 3) in base 14?
-2
What is -110221 (base 3) in base 7?
-1006
Convert -1 (base 16) to base 15.
-1
What is 0 (base 9) in base 12?
0
6 (base 11) to base 7
6
What is -1000 (base 5) in base 6?
-325
Convert 3 (base 4) to base 10.
3
5 (base 10) to base 15
5
Convert 40 (base 9) to base 7.
51
3110 (base 4) to base 10
212
What is 5 (base 16) in base 8?
5
What is 122 (base 3) in base 8?
21
What is -1 (base 13) in base 7?
-1
Convert -2 (base 10) to base 7.
-2
Convert 29 (base 13) to base 8.
43
Convert 233 (base 4) to base 11.
43
What is 63 (base 16) in base 6?
243
What is 2 (base 15) in base 14?
2
What is 18 (base 10) in base 14?
14
Convert 48 (base 11) to base 15.
37
What is 14 (base 7) in base 3?
102
What is 5 (base 11) in base 7?
5
Convert 3 (base 14) to base 10.
3
Convert 10 (base 3) to base 16.
3
-4 (base 15) to base 6
-4
Convert 3 (base 8) to base 13.
3
What is -10 (base 2) in base 11?
-2
Convert 6 (base 14) to base 6.
10
-10 (base 3) to base 7
-3
Convert 450 (base 7) to base 12.
173
What is -144 (base 7) in base 2?
-1010001
aa (base 16) to base 13
101
Convert -8 (base 11) to base 13.
-8
Convert 1001 (base 5) to base 12.
a6
What is 1011 (base 2) in base 13?
b
What is -313 (base 11) in base 5?
-3002
2 (base 4) to base 12
2
What is 0 (base 12) in base 8?
0
What is -1 (base 7) in base 16?
-1
Convert -9 (base 11) to base 4.
-21
What is 1 (base 14) in base 10?
1
What is 39 (base 14) in base 3?
1220
Convert 23 (base 8) to base 2.
10011
2 (base 15) to base 6
2
22 (base 6) to base 16
e
What is -1 (base 15) in base 14?
-1
What is 1a (base 15) in base 10?
25
7 (base 15) to base 13
7
-110001 (base 3) to base 11
-276
Convert -1 (base 10) to base 16.
-1
-148 (base 14) to base 11
-217
What is -10 (base 2) in base 14?
-2
What is 241 (base 10) in base 3?
22221
What is 0 (base 14) in base 7?
0
3 (base 16) to base 3
10
Convert -6 (base 12) to base 9.
-6
Convert 7 (base 16) to base 2.
111
-19 (base 16) to base 14
-1b
Convert 0 (base 2) to base 3.
0
3 (base 8) to base 16
3
-31 (base 4) to base 5
-23
What is -13 (base 6) in base 5?
-14
What is 2 (base 13) in base 7?
2
What is 0 (base 5) in base 2?
0
Convert 2 (base 15) to base 16.
2
-5a (base 11) to base 10
-65
Convert 47 (base 14) to base 3.
2100
What is 0 (base 8) in base 5?
0
-554 (base 6) to base 5
-1324
Convert -84 (base 12) to base 3.
-10201
Convert 13 (base 10) to base 3.
111
What is 16 (base 12) in base 7?
24
3 (base 7) to base 13
3
Convert -1 (base 5) to base 15.
-1
121 (base 6) to base 12
41
What is 101110000 (base 2) in base 9?
448
What is 2 (base 14) in base 12?
2
What is 12 (base 5) in base 6?
11
Convert -12 (base 12) to base 9.
-15
What is 0 (base 5) in base 16?
0
7 (base 16) to base 11
7
Convert -15 (base 7) to base 14.
-c
Convert -134 (base 10) to base 2.
-10000110
What is 12 (base 4) in base 9?
6
What is 43 (base 12) in base 16?
33
-6 (base 14) to base 13
-6
What is 15 (base 12) in base 15?
12
What is 59 (base 16) in base 7?
155
Convert -1023 (base 5) to base 10.
-138
What is 8 (base 15) in base 8?
10
Convert 7 (base 16) to base 5.
12
What is 1e (base 15) in base 7?
41
What is 1 (base 7) in base 16?
1
What is 66 (base 11) in base 10?
72
Convert 37 (base 16) to base 7.
106
Convert 128 (base 12) to base 10.
176
Convert 204 (base 6) to base 5.
301
Convert -14 (base 6) to base 8.
-12
Convert -93 (base 15) to base 10.
-138
Convert 340 (base 7) to base 13.
106
58 (base 15) to base 11
76
1001 (base 3) to base 16
1c
-1 (base 12) to base 10
-1
What is 2 (base 15) in base 8?
2
What is -80 (base 10) in base 4?
-1100
Convert -635 (base 7) to base 8.
-500
2 (base 4) to base 10
2
Convert -5 (base 8) to base 6.
-5
Convert -1 (base 6) to base 7.
-1
Convert 53 (base 6) to base 15.
23
15 (base 6) to base 3
102
-53 (base 13) to base 12
-58
What is -200 (base 3) in base 16?
-12
What is -5 (base 14) in base 15?
-5
Convert 86 (base 13) to base 4.
1232
-25 (base 16) to base 2
-100101
What is -22 (base 14) in base 6?
-50
3 (base 13) to base 2
11
Convert 1100 (base 2) to base 13.
c
1101 (base 2) to base 12
11
-2 (base 11) to base 15
-2
-131 (base 4) to base 6
-45
What is 0 (base 14) in base 11?
0
0 (base 6) to base 4
0
What is 2 (base 7) in base 9?
2
Convert ab (base 12) to base 11.
10a
What is -14 (base 10) in base 4?
-32
Convert -95 (base 16) to base 6.
-405
Convert -22 (base 16) to base 10.
-34
-27 (base 8) to base 11
-21
Convert 1 (base 9) to base 8.
1
-1 (base 11) to base 6
-1
Convert 55 (base 8) to base 6.
113
1100110 (base 2) to base 16
66
Convert 0 (base 11) to base 9.
0
Convert -4 (base 13) to base 9.
-4
3 (base 4) to base 13
3
What is dd (base 16) in base 14?
11b
110 (base 2) to base 9
6
11 (base 5) to base 3
20
Convert 10100100 (base 2) to base 6.
432
-121 (base 16) to base 9
-351
Convert -152 (base 7) to base 11.
-79
Convert 1 (base 3) to base 15.
1
Convert -186 (base 9) to base 2